648810
What is 123130012 (base 4) in base 7?
645445
What is 412407 (base 9) in base 4?
323231002
271cd (base 14) to base 10
96417
What is -ab1a30 (base 13) in base 5?
-2012443102
What is -2113206 (base 8) in base 5?
-121002242
860104 (base 10) to base 15
11eca4
What is -11238a (base 11) in base 16?
-2ba7f
What is -1c01cf (base 16) in base 11?
-1044020
3740 (base 9) to base 15
c60
24417 (base 10) to base 12
12169
What is -14123203 (base 6) in base 8?
-1644723
Convert -5380073 (base 10) to base 11.
-3045146
Convert -62206241 (base 7) to base 8.
-23704303
-815972 (base 14) to base 12
-1561214
Convert -27512546 (base 9) to base 12.
-4674520
What is 976460 (base 10) in base 13?
2825b4
10110102102201 (base 3) to base 14
35c1ca
What is -10a22b (base 15) in base 16?
-c1c10
Convert 607261 (base 16) to base 15.
84cc27
What is -1010101002110 (base 3) in base 12?
-249b86
What is -545 (base 8) in base 10?
-357
Convert a55171 (base 12) to base 7.
31051465
-1655173 (base 8) to base 11
-2aa085
Convert 155254 (base 9) to base 2.
10111010111011110
What is -36c7c6 (base 15) in base 5?
-1132433021
Convert -21213233330 (base 4) to base 2.
-1001100111101111111100
Convert 33115340 (base 6) to base 9.
1768086
Convert 117041 (base 9) to base 7.
413161
What is 240252 (base 6) in base 16?
5168
566b35 (base 12) to base 6
45331305
Convert 21221212010022 (base 3) to base 10.
4229018
-a814 (base 16) to base 2
-1010100000010100
Convert -33131160 (base 7) to base 15.
-3b3cd0
Convert 236b4 (base 15) to base 13.
3c502
Convert -45466546 (base 7) to base 9.
-7414767
What is 71a98a (base 14) in base 9?
7181184
What is -148748 (base 9) in base 14?
-25608
Convert -122001010212 (base 3) to base 13.
-b98b5
Convert 175372 (base 9) to base 16.
1a981
-10010101100000111000111 (base 2) to base 3
-100012220112111
-35534646 (base 7) to base 15
-423d0c
Convert -27acb (base 13) to base 4.
-102021312
What is -1a723 (base 11) in base 6?
-341235
42301152 (base 6) to base 9
2284345
What is -3062235 (base 7) in base 15?
-74143
What is -11301320311 (base 4) in base 16?
-171e35
Convert -5e9f6 (base 16) to base 3.
-201200122121
-1150487 (base 9) to base 4
-2120101102
What is 1021112100022 (base 3) in base 13?
1aa4a0
124997 (base 14) to base 15
c5e04
What is -154200151 (base 6) in base 7?
-36615112
-406367 (base 8) to base 16
-20cf7
What is -53044523 (base 6) in base 5?
-343432031
Convert 3331123200 (base 4) to base 7.
11552244
Convert 113186a (base 13) to base 12.
192ba26
Convert -10000000111101011110100 (base 2) to base 10.
-4225780
What is -502135 (base 6) in base 3?
-2000000012
102231431 (base 5) to base 13
120aa6
-1205233 (base 7) to base 9
-253011
Convert -23727 (base 14) to base 13.
-30488
112501246 (base 7) to base 13
157b484
What is 638203 (base 12) in base 14?
2cbc9d
What is 3420074 (base 8) in base 6?
31501524
211211132 (base 4) to base 9
254155
-1d5729 (base 14) to base 4
-10000323021
What is 687272 (base 12) in base 10?
1671350
What is -2c08896 (base 13) in base 9?
-28523203
Convert -4ce760 (base 16) to base 3.
-100111001112111
-1a9114 (base 14) to base 13
-271cc0
4889b (base 12) to base 11
67727
What is 86879 (base 11) in base 10?
126168
Convert 115b8b (base 13) to base 16.
64c8d
-1a1cf6 (base 16) to base 4
-12201303312
344224222 (base 6) to base 10
6364310
Convert 2022221 (base 5) to base 12.
16ba3
Convert 3788772 (base 9) to base 14.
3bb1d8
What is 3720ed (base 15) in base 14?
4c9c9b
33ea4d (base 15) to base 5
1113321243
What is -37a37 (base 16) in base 13?
-7c965
What is 12414423 (base 6) in base 13?
113145
What is 2002421330 (base 5) in base 8?
17045551
Convert -5400133 (base 6) to base 14.
-6c529
-22987b8 (base 12) to base 14
-c592c4
Convert -83571 (base 9) to base 12.
-27ab4
Convert -4104332 (base 5) to base 13.
-241a8
-698b3 (base 12) to base 2
-100010011111000111
What is 40197 (base 14) in base 12?
75149
-1cb78a (base 16) to base 6
-104200534
What is -1102533 (base 9) in base 16?
-909ff
Convert 611c9 (base 13) to base 3.
22211112122
8cd09 (base 14) to base 5
41432223
What is -106caa (base 16) in base 9?
-2020473
What is 11101101001010 (base 2) in base 7?
62152
104662 (base 12) to base 16
3eaaa
-1221310 (base 4) to base 8
-15164
Convert -221102010202010 (base 3) to base 8.
-63411364
6665 (base 12) to base 6
124205
What is -101234 (base 7) in base 15?
-51b8
What is 1075761 (base 8) in base 12?
122095
Convert -dc4c (base 15) to base 7.
-252666
Convert 1100010101001010101111 (base 2) to base 15.
43cb56
What is 6360101 (base 9) in base 11?
1a16454
10220201111220 (base 3) to base 5
1013042231
What is -2b590 (base 12) in base 14?
-184b2
Convert 350478 (base 9) to base 3.
101200112122
Convert -171281 (base 10) to base 15.
-35b3b
What is 44720a (base 15) in base 11?
192a3a0
Convert -20002050 (base 6) to base 4.
-2020303032
201102210212 (base 3) to base 7
3152261
Convert 1030303002 (base 4) to base 13.
b0241
-869a (base 15) to base 11
-1a455
432113 (base 9) to base 4
332312112
What is -167191 (base 11) in base 15?
-51890
3a579 (base 11) to base 12
29630
-2b46be (base 16) to base 10
-2836158
What is -9b1791 (base 12) in base 16?
-25b21d
Convert -10a3253 (base 11) to base 2.
-111010101010011011000
Convert -111333123 (base 4) to base 6.
-1533003
What is 8621661 (base 10) in base 5?
4201343121
What is -33435624 (base 8) in base 11?
-4094726
Convert 311b4 (base 14) to base 11.
80a08
c539 (base 16) to base 14
14585
What is 161645 (base 9) in base 3?
12001201112
What is 1211131300 (base 4) in base 14?
ab65a
Convert 933821 (base 14) to base 4.
102330101311
-12120131 (base 4) to base 12
-13165
What is 23a81 (base 14) in base 4?
111101201
Convert 403b7f (base 16) to base 8.
20035577
1444979 (base 12) to base 10
4072557
What is 22100012200212 (base 3) in base 8?
20721675
Convert 1001021 (base 7) to base 10.
118007
-32301220031 (base 4) to base 7
-44631254
1051034 (base 7) to base 5
13130042
1984533 (base 11) to base 13
901186
Convert -501022352 (base 6) to base 2.
-100000001110011110011100
53634564 (base 7) to base 15
607230
Convert -68288c (base 15) to base 7.
-60146412
1000010000111001111110 (base 2) to base 6
114233342
What is 11111010100011000110 (base 2) in base 4?
3322203012
-487615 (base 15) to base 8
-15164347
Convert 1c45b4 (base 14) to base 11.
630588
1cb01cb (base 13) to base 12
3269880
What is -27aa0 (base 11) in base 9?
-60674
13311401 (base 5) to base 7
1102150
49043 (base 16) to base 8
1110103
Convert -a212 (base 14) to base 6.
-332532
Convert 2202099 (base 10) to base 14.
41472b
2052045 (base 10) to base 2
111110100111111001101
Convert -3201030201 (base 4) to base 16.
-e1321
What is 25133124 (base 6) in base 8?
3045214
What is 10220313 (base 4) in base 6?
223543
-6c70a0 (base 13) to base 16
-27758f
What is -1178006 (base 10) in base 7?
-13004264
What is 131104432 (base 5) in base 6?
21451103
What is -2a5762 (base 16) in base 12?
-b19a02
Convert -466a997 (base 11) to base 4.
-133012330111
What is -315626 (base 8) in base 14?
-2a582
What is 17b8e4 (base 15) in base 4?
10121131321
Convert -230cd4 (base 14) to base 5.
-301142214
13373a (base 12) to base 10
317278
202450 (base 6) to base 16
3f1e
What is 413001 (base 8) in base 12?
67141
What is 31020301 (base 4) in base 8?
151061
20120210211122 (base 3) to base 12
120942b
5030453 (base 7) to base 9
1107108
Convert -250975 (base 15) to base 6.
-102005002
What is 2f8f9 (base 16) in base 13?
6a894
313202100 (base 4) to base 3
102120000220
Convert -437177 (base 10) to base 4.
-1222232321
13240251 (base 8) to base 16
2d40a9
Convert -454300 (base 7) to base 2.
-10011101101110000
-6440252 (base 7) to base 11
-4951a2
Convert 3330483 (base 12) to base 8.
45204643
-760012 (base 8) to base 11
-163895
Convert -11001111111100101101 (base 2) to base 10.
-851757
What is -158314 (base 12) in base 2?
-1011001100011000000
What is 1113020300 (base 4) in base 7?
3014363
Convert 13a8230 (base 12) to base 5.
2003011423
Convert 170ecb (base 15) to base 4.
10100232203
Convert 10000111000010100 (base 2) to base 9.
114752
Convert -14596c (base 15) to base 9.
-1754453
Convert -12630b (base 14) to base 6.
-21312343
Convert -12121140 (base 5) to base 9.
-183237
What is 474b10 (base 14) in base 15?
330ed9
-10011110100010111 (base 2) to base 11
-55a96
177675 (base 8